What is the greatest common divisor of g and 7?
7
Let v = 205 + -203. Suppose -v*f + 76 - 10 = 0. Let q = 18 + -15. Calculate the highest common divisor of f and q.
3
Suppose -10*l + 509 = -1381. Let t = l - 90. Let i = t - 81. What is the highest common factor of 63 and i?
9
Let b = -524 - -2105. Let y(d) = -429*d - 28221. Let l be y(-66). Calculate the greatest common divisor of l and b.
93
Let a = -35 - -35. Suppose z = f - 3*f + 14, z + 3*f - 17 = a. Let s be (((-30)/z)/5)/(2/(-24)). Calculate the highest common factor of 18 and s.
9
Let w be (-1)/((46/(-448))/23). What is the greatest common divisor of 210 and w?
14
Let s(c) = c - 3. Let o be s(-4). Let y = o + 23. Suppose 45*n - 1587 - 213 = 0. Calculate the greatest common factor of n and y.
8
Let h be 5/((-30)/6) + 19. Suppose -25 = -23*p + h*p. Let n = 2 - -18. Calculate the greatest common factor of p and n.
5
Let u = -147 - -228. Suppose 4*k = 5*c - u - 11, 0 = 5*k - 10. Let r be (-102)/(-26) - 32/(-416). Calculate the highest common factor of c and r.
4
Let b = -3026 + 4796. Calculate the highest common divisor of b and 30.
30
Let f = 371 - 347. What is the highest common divisor of f and 648?
24
Let j(g) = 8*g**2 + 598*g + 93. Let t be j(-75). Calculate the greatest common factor of 72 and t.
9
Let c be 4/6 + 24/(-9). Let o = 14 - c. Let h = -10688 - -10690. Calculate the highest common divisor of o and h.
2
Let n = -5838 - -5874. What is the greatest common divisor of 924 and n?
12
Suppose -53*o = -54*o + q + 235, -3*q = 12. Let v be (14/(-2))/(-1*1). What is the greatest common divisor of v and o?
7
Suppose 54 + 36 = -15*v. Let r(j) = 5*j**2 + 11*j + 12. Let u be r(v). Suppose i + 6 = o + 3*i, -5*i = 4*o - 36. What is the greatest common factor of u and o?
14
Let h = 242 + -81. Let q = -141 + h. Calculate the highest common factor of q and 10.
10
Let t = 536 + -529. Let x(h) = 5*h**2 + 0*h**2 - 6*h**2 + 9*h - 13. Let a be x(t). Calculate the highest common divisor of 8 and a.
1
Let o(n) = -79*n - 2. Let d be o(-1). Suppose -d + 188 = h. Suppose -t + 3*y + 44 = 0, -2*t - y = 2*t - h. What is the highest common factor of t and 116?
29
Suppose -141*c + 144*c = 600. Suppose -d = 192 - c. Calculate the highest common factor of d and 296.
8
Suppose -3*j = 5*l - 520, -11*j + 871 = -6*j + 4*l. Suppose -7*y - j = -12*y. Calculate the greatest common factor of 56 and y.
7
Let b(c) = 2*c**2 + 70*c + 17. Let p be b(-35). Suppose -88 = -p*t + 983. What is the highest common divisor of 378 and t?
63
Suppose 4*m = 3*d - 17, -2*d - 2*m + 4 = -12. What is the highest common factor of 252 and d?
7
Let p = 259 + 124. Let g = p + -378. Let r(f) = f**3 + 10*f**2 + 9*f + 3. Let v be r(-9). Calculate the greatest common divisor of v and g.
1
Let i = -179 + 181. Suppose 9*f = -128 + 317. Calculate the greatest common divisor of i and f.
1
Suppose -2*f = -2*h + 22060, 7*f = 2*h + 11*f - 22072. Calculate the highest common factor of h and 56.
56
Let b(g) = -7*g**2 + 0*g**2 + 2*g**2 + 17*g**2 + 4. Let f be b(4). Let l(x) = 10*x**2 - 6*x - 3. Let o be l(-2). What is the greatest common factor of o and f?
49
Let n(g) be the third derivative of g**5/60 - g**4/12 - g**3/3 + 103*g**2. Let m be n(-2). Calculate the highest common factor of m and 38.
2
Let p(l) = l + 977. Let u be p(-1). Calculate the highest common divisor of u and 20.
4
Suppose 87*z = 93*z + 6. Let m(g) = 351*g**2 - g - 4. Let v be m(z). What is the highest common factor of v and 12?
12
Let p(s) = -2*s**3 - 26*s**2 + 14*s. Let m be p(-14). Let r = 1873 - 1817. Calculate the highest common divisor of r and m.
28
Let c be 5 - (6 - (-3)/(-1)). Suppose 2*i - 3*l - 12 = 0, 5*l + 3 = -i + c*l. Suppose 63 = -0*j + i*j. What is the highest common divisor of 7 and j?
7
Suppose 0 = 62*d - 709 - 35. Calculate the greatest common divisor of 6828 and d.
12
Let p be ((-518)/(-6))/(8/72). Suppose 393*z + p = 400*z. Calculate the highest common factor of z and 37.
37
Let z be (-10)/(-35) + (-103)/(-7). Let n(g) = g**2 - 8*g + 12. Let v be n(4). Let m be (((-16)/6)/v)/(48/216). Calculate the highest common divisor of m and z.
3
Suppose -4*f = 3*u + 2480, 5*u + 25*f + 4156 = 24*f. Let z = -4 - u. What is the greatest common factor of 36 and z?
36
Let g(h) = h**3 - 8*h**2 - 7*h - 24. Let a be g(9). Let x be 1 + a + (21 - 1). What is the highest common divisor of 25 and x?
5
Let q = 140 - 111. Suppose 5*w - 5*f = 71 + q, 2*f - 14 = -w. What is the highest common divisor of 54 and w?
18
Let a = 335 + -335. Suppose 0 = -5*y - 5*u + 195, 219 = 5*y - a*u - 3*u. What is the greatest common divisor of y and 42?
42
Suppose 2*z - 12 = -8. Let s(i) = -1 - 10*i + 0 - 3 + 3*i**2 - i**z. Let j be s(9). Calculate the highest common divisor of 17 and j.
17
Let b be (0 + -51)/((-2)/(-8)*(-104)/338). What is the greatest common factor of b and 1173?
51
Suppose u + 43 = q, -8*u = q - 4*u - 48. Let l(f) = 209*f**2. Let v be l(1). What is the greatest common divisor of v and q?
11
Let z = -22 - -18. Let x(u) = -u + 2. Let p be x(z). Suppose p*f + 26 = 86. What is the highest common divisor of f and 5?
5
Suppose 2*y - 3*p - 2321 = 0, 4*y + 4*p - 2971 = 1661. Calculate the highest common divisor of 38 and y.
19
Let b = -3685 - -4792. What is the greatest common factor of b and 27?
27
Let l = 1924 + -1756. Let g = -4 - -4. Suppose y = j - g*j + 23, -2*y = -3*j - 48. What is the greatest common factor of l and y?
21
Let t be (3/(-3)*11)/(-1). Let x(i) = -i**2 - 11*i - 16. Let f be x(-8). Suppose -990 = -10*k - f*k. What is the highest common divisor of t and k?
11
Suppose -u = b - 31, -29*b + 24*b + 90 = 0. Suppose 4*r = -r + 585. What is the highest common factor of r and u?
13
Suppose -4*y - 3*k + 64 = 0, 10*y - 6*y = 3*k + 40. Suppose 4*h - 4*a - 327 = y, a + 169 = 2*h. What is the greatest common divisor of 70 and h?
14
Let g(d) = 162*d + 1193. Let n be g(-7). What is the highest common factor of 1003 and n?
59
Suppose 3*o - 156 = 4*r, 0 = -2*o + 4*r + 158 - 50. Let u be 45 + (-1242)/(-92)*(30/9)/(-5). Calculate the highest common factor of o and u.
12
Let v(n) = -8*n - 11. Let k be v(-2). Suppose 0 = r + u + 31 - 166, k*u = r - 135. Calculate the highest common divisor of 75 and r.
15
Let r = 475 + -112. Let b = 405 - r. Calculate the highest common factor of b and 14.
14
Suppose 3*b - 2*b - 3*x = 70, 0 = 5*b + 2*x - 350. Let w be (9220/36)/5 - (-4)/(-18). Let o = b - w. Calculate the greatest common divisor of 38 and o.
19
Let y(w) be the third derivative of w**4/24 + 4*w**3 - 6*w**2. Suppose -3*a - 68 = -32. Let h be y(a). Calculate the greatest common divisor of 96 and h.
12
Suppose 4*y - 67 = -5*z + 17, 0 = -4*y - 2*z + 72. Calculate the greatest common factor of 292 and y.
4
Suppose -d - 2*d + l + 20 = 0, 0 = -10*d + 4*l + 66. What is the highest common divisor of d and 1694?
7
Let g = -70 + 70. Let r = 11 + g. Let i = r - -13. Calculate the greatest common divisor of i and 12.
12
Suppose -18*i = 52*i + 48*i - 23128. What is the greatest common divisor of 4753 and i?
49
Suppose -9*c = -13*c - 336. Let w = c + 91. Suppose w*j - j - 246 = 0. What is the highest common factor of 451 and j?
41
Suppose 55*w + 62*w = 118*w - 502. Calculate the highest common divisor of 11797 and w.
251
Let a = 33087 - -9117. Calculate the highest common divisor of a and 12.
12
Suppose -15 = 22*s - 191. Calculate the highest common divisor of s and 1096.
8
Suppose 15*n = 19*n + 8. Let a be (-2)/n*(13 - 2). Calculate the greatest common divisor of a and 165.
11
Let g be 5460/(-126)*(5 + (-28)/5). Let t be 209/2 - (-3)/(-6). Calculate the greatest common factor of t and g.
26
Suppose p - 6 - 5 = 0. Let z be 7 - (6/(-1) - 4475). Suppose 28*i = 4*i + z. Calculate the highest common factor of p and i.
11
Let w = 3623 + -3220. What is the highest common divisor of w and 143?
13
Suppose -19*u - 116 = -3*y - 15*u, -16 = -4*u. Suppose 3*j - 5 = 19. Calculate the greatest common divisor of y and j.
4
Suppose x - 1040 = 4*k, k = 24*x - 20*x - 4160. What is the highest common divisor of x and 390?
130
Suppose -16*t = 1224 - 1560. Let x be (-8886)/(-9) + (-2)/6. What is the highest common factor of t and x?
21
Let x(f) = -211*f - 46. Let o be x(-4). Let m = o - -368. Calculate the greatest common divisor of